**2 + 4. Suppose -6*s + 8*s + 3*t + 1 = 0, 19 = s - 5*t. Determine z(s).
-6
Let d(m) be the third derivative of 1 - 1/24*m**4 + 0*m**5 + 0*m + 0*m**3 - 17*m**2 + 1/30*m**6. Calculate d(-1).
-3
Let a(l) be the second derivative of l**3/6 + 7*l**2/2 + l. Suppose -5*m + 11 = 1. Let i(g) = -g**2 - 2*g + 3. Let b be i(m). Give a(b).
2
Let n = -541 - -548. Let a(s) = s**2 - 13*s - 6. Give a(n).
-48
Let v(c) = -c**2 + 2*c + 26. Let l be v(5). Let p be 5 - ((l - 4) + 2). Let o(g) = g**3 + 5*g**2 + 3*g - 4. Determine o(p).
0
Let j(r) = 2*r - 3. Let s = 282 - 283. Suppose -p - 3*u = -2*p + 12, -5*u = 4*p + 3. Let t be 7 + (p - 0)*s. Calculate j(t).
5
Let o(j) be the third derivative of -j**5/30 - j**4/24 + j**3/2 - j**2 + 108*j. What is o(-3)?
-12
Suppose 5*t = 6*t - 25. Let l = 20 - t. Let w(u) = u**2 + 5*u + 6. Determine w(l).
6
Let v(i) = i**2 + 2*i - 10. Let s(d) = -d**3 + 3*d**2 - 3*d + 2. Let n be s(2). Let z be v(n). Let k = z - -8. Let o(u) = u**3 + 2*u**2 + 2*u + 2. What is o(k)?
-2
Let u(k) = 4*k + 145 - 65 + 10*k - 77. Calculate u(-1).
-11
Let t(v) = v**2 - 11*v + 9. Let j be (5 - -3)/(-4 + 2). Let m(i) = i**2 - 12*i + 10. Let b(d) = j*t(d) + 3*m(d). Give b(6).
6
Let w(m) = -5*m - 21. Let n = 901 + -906. Give w(n).
4
Let s(y) = 8*y**2 + 3*y + 1. Let x = -15 - -11. Let h(t) = 3*t**2 + t. Let o(n) = x*s(n) + 11*h(n). Let k = -9 + 12. Determine o(k).
2
Let w(d) be the second derivative of d**3/6 + 3*d**2/2 + 25*d - 2. Determine w(-6).
-3
Suppose 27 - 22 = 5*n. Let k be -1 + (-4)/8*(-1 - n). Let z(q) = -q + 6. What is z(k)?
6
Let o(n) = -7*n**2 + 8*n - 36. Let p(c) = 8*c**2 - 8*c + 41. Let q(a) = -7*o(a) - 6*p(a). What is q(6)?
-6
Let y(q) = 8*q**3 - 9*q**2 - 9*q + 3. Let h(f) = 9*f**3 - 10*f**2 - 11*f + 4. Let p(k) = 6*h(k) - 7*y(k). Let o = 3 - 1. Determine p(o).
-7
Let s(n) = 2*n - 36. Suppose -3*i = 5*v - 89, 4*v - 1 = 3*v + 5*i. Determine s(v).
-4
Let t be 2*6/(-4) - 3. Let s = t - -10. Suppose -7 - 13 = s*l, -23 = -i + 4*l. Let o(x) = x**3 - 5*x**2 + 4*x - 1. Calculate o(i).
-7
Let b(n) = -36*n - 8. Let w(h) = 13*h + 3. Let p(d) = -4*b(d) - 11*w(d). Give p(-6).
-7
Let b(q) = q + 0 - q**2 + 2 + 1. Let f(n) = -7*n + 14. Let v be f(-3). Suppose 32*z + 12 = v*z. Calculate b(z).
-9
Let q(j) = -19*j**2 - 13*j + 9. Let a(w) = -3*w**2 - 2*w + 1. Let f(o) = -6*a(o) + q(o). Suppose 0 = 2*m + 3*m. Calculate f(m).
3
Let c(o) = o**2 - o + 1. Let x(z) = 4*z**2 - z + 6 + 0 - 5*z. Suppose t - 3*r + 20 = 0, 4*r - 40 = 3*t - r. Let i(a) = t*c(a) + x(a). Calculate i(-3).
-5
Let r(p) = -7*p**3 - p**2 + p + 1. Let a(l) = -l**2 - l. Let f(z) = z - 6. Let u be f(5). Let x(o) = u*a(o) - r(o). Determine x(-1).
-6
Let k(z) = 31 - 7*z + 4*z - 43 + 2*z + 25. What is k(0)?
13
Let v(s) = -6*s + 12. Let y be (-330)/(-55) + (-3 - -6)*-1. What is v(y)?
-6
Let d = -13 - -18. Suppose 0 = d*b - 1 - 4. Let t be b*2*(-3 - -1). Let m(s) = 2*s**2 + 7*s + 5. Give m(t).
9
Suppose 0 = -5*x + 9*x + c - 28, -5*x - 3*c + 42 = 0. Let w(o) = o**2 - 9*o + 9. Determine w(x).
-9
Let g = 7 + -5. Let j(r) = -r**g + 3 + 349*r + 4*r**2 - 346*r. Calculate j(-2).
9
Let b(h) = 3*h - 1. Let p be b(12). Let v = -29 + p. Let j(g) = g**2 - 6*g - 7. What is j(v)?
-7
Let g(r) = r + 2*r - 10*r + r - 25 - 9. Determine g(-6).
2
Let g(x) = x**2 + 3. Let r(k) = -k**3 - 2*k**2 - 2*k + 7. Let n be r(-3). Let c be n/5 + 14/(-35). Suppose 0*u - c = -5*u - 2*h, 3*h = -5*u + 6. Give g(u).
3
Suppose 0 = -2*k + 13 + 7. Suppose -5*y = -g - 15, 4*g + 7*y + k = 2*y. Let l(j) be the second derivative of j**4/12 + 5*j**3/6 - 3*j**2/2 - 8*j. What is l(g)?
-3
Suppose 0*j + 4*j - 12 = 0. Suppose -j + 15 = 3*n. Let b(s) = s**3 - 3*s**2 - 4*s + 2. Determine b(n).
2
Let l(j) = -1. Let g(v) = -13*v**2 - v - 2. Let r(h) = -g(h) + l(h). Let s(f) = -f**2 + 5*f - 5. Let u be s(4). Calculate r(u).
13
Let y(x) = -17*x**3 + 21*x**2 - 22*x + 42. Let t(s) = -2*s**3 + s**2 - s + 2. Let b(z) = 8*t(z) - y(z). Calculate b(12).
-2
Let w(i) = -i**3 + 4*i**2 - i - 4. Let o be w(3). Let u(d) = -19 + 7*d**2 - d**3 - 11*d**2 + 23 + o*d. Give u(-4).
-4
Suppose 0 = -23*o + 18*o + 25. Let r(m) = m**3 - 4*m**2 - 3*m + 2. What is r(o)?
12
Let s(n) = 2*n**2 + 1 + 6*n**2 - 2*n**2. Let f(l) = l**3 + 5*l**2 + l + 1. Let c be f(-5). Let q(d) = 2*d**3 + 9*d**2 + 2*d - 7. Let v be q(c). Determine s(v).
7
Suppose 5*o - 2*g + 24 = 0, -5*o + g - 12 = 5*g. Let x be 1*o/(3 + -7). Let n(q) = 13*q**2 + q. Give n(x).
14
Let j = -46 - -28. Let f = j - -34. Let c(w) = 5 - f*w**2 + 20*w**2 + 0 - w**3 + w. Calculate c(4).
9
Let m(b) = -17*b**3 - 3*b**2 - 5*b - 7. Let v(h) = 26*h**3 + 4*h**2 + 7*h + 10. Let p(l) = -7*m(l) - 5*v(l). Determine p(-1).
11
Let r(n) = -5*n + 10. Suppose 3*b + 52*a = 51*a - 16, -4*b = -a + 19. Give r(b).
35
Let u be (2 - 1)*(-17 - 0) - -7. Let p(b) = 5*b + 13. What is p(u)?
-37
Let b(c) = 5*c**2 + 2*c - 1. Let m be b(1). Let s(r) be the second derivative of 0 - 1/6*r**3 + 2*r + 0*r**2. What is s(m)?
-6
Suppose 24 = -4*s - 0. Let g be ((-32)/48)/((-2)/s). Let z(q) = -q**3 + 2*q - 1. Give z(g).
3
Let g(k) be the third derivative of -k**4/8 - 2*k**3/3 - 3*k**2. Let l(q) = -q + 6. Let p be l(6). Suppose -3*u + 0*u - 9 = p. Give g(u).
5
Let j(p) = 4*p + 5. Suppose 4*w = -4*k + 4, 7 = 2*k - 5*w + 2*w. Suppose -6*r = k + 28. What is j(r)?
-15
Let z(a) = 14*a - 5*a + 0 - 8*a - 1. Let i be z(2). Let n(h) = -18*h**2. Calculate n(i).
-18
Let j(b) be the second derivative of -b**5/20 + b**4/2 - 7*b**3/6 + 2*b**2 - b. Suppose -75*m + 28*m = -235. What is j(m)?
-6
Let i be (-1 - (7 + -4)) + 93. Suppose -3 = -g, 20 = -3*q - 3*g + i. Suppose 7*c + q = 3*c. Let a(m) = -m**2 - 3*m + 1. Calculate a(c).
-9
Let f(n) be the second derivative of -n**4/12 + n**3/2 - 2*n**2 - n - 19. Suppose -2*v = v - 9. Let j be (-9 + 5)*v/(-4). What is f(j)?
-4
Let p(w) = 4*w + 44. Let m be p(-12). Let o(n) = 2*n**3 + 6*n**2 + 2*n + 1. What is o(m)?
-39
Suppose 0 = 19*d + 12*d - 124. Let y(j) = -j**3 + 2*j**2 + 8*j - 6. What is y(d)?
-6
Let k(s) = -2*s + 21. Let l(i) be the second derivative of i**3/6 - 11*i**2/2 - 15*i. Let n(x) = -3*k(x) - 7*l(x). What is n(0)?
14
Let b(y) = -9*y - 45. Let j(o) = -19*o - 94. Let f(s) = -13*b(s) + 6*j(s). Give f(-6).
3
Let g(v) = -v**3 + 21*v**2 - 112*v + 23. Let z be g(10). Let h(i) = -4*i**2 + 2*i - 6. Determine h(z).
-36
Let c(w) = w**3 + w**2 + w + 2. Let p = 17 + -11. Let l be 16/p - 11/(-33). Let h be l - 12/(4 + 0). Calculate c(h).
2
Let k(j) = -j - 1. Let t be k(6). Let y(c) be the first derivative of -4*c**2 + 0*c - 6 - 1/3*c**3. Calculate y(t).
7
Let l(c) be the first derivative of -c**3/3 + 9*c**2/2 - 2*c + 14. Determine l(8).
6
Let v(i) = 21*i**3 - 2*i**2 + 3*i - 2. Let q be v(1). Let n = q + -15. Suppose -n*w + 0*w = 20. Let y(d) = -d. Calculate y(w).
4
Suppose -1 - 6 = 5*s + x, -4 = -4*s + 4*x. Let h(c) = c. Let f(a) = 0*a - 7*a - 2*a**2 - 17*a**3 + 3*a. Let o(t) = -f(t) - 3*h(t). What is o(s)?
-16
Let n(o) = o**3 + o**2 - 2. Let x be (9/6 - 1)*8. Let r(z) = -z**2 + 3*z + 4. Let t be r(x). Suppose 0*a + 3*a = t. Calculate n(a).
-2
Let y(j) = 119*j + 0*j**2 - 125*j - 2*j**2 - j**2 + j**3 + 1. What is y(4)?
-7
Let k(q) = q**2 - 19*q + 10. Let f(i) = 2*i**2 - 42*i + 21. Let c(r) = 6*f(r) - 13*k(r). Determine c(-6).
-10
Let u(b) = -13*b**3 + 17*b**2 + 5*b - 17. Suppose 0 = 5*n - 9*n - 24. Let v(x) = 7*x**3 - 9*x**2 - 3*x + 9. Let l(d) = n*u(d) - 11*v(d). What is l(3)?
12
Let r be 489/(-15) + (-2)/5. Suppose -5*y = 112 + 88. Let c be r/8 + (-5)/y. Let j(l) = l**2 + 4*l - 4. Give j(c).
-4
Let f = 30 + -27. Let y(c) = -2*c**3 - 4*c - 3 - c - 1 + c**2 + f*c**3. Calculate y(-3).
-7
Let j be (-1)/2 - (-5)/2. Let v(r) = -3*r**j - r + r - 3*r. Suppose -d - 3 = 3*z, -2*d + 1 = -3*z - 11. What is v(z)?
-6
Let p(g) = -g**2 - 2*g + 1. Suppose -3*l - 6 = 2*c + 4, -3*l - 12 = 3*c. What is p(l)?
1
Let z(s) = -s - 7. Let a = 624 - 619. Calculate z(a).
-12
Let p(g) = -10*g**2 - 2*g - 1. Let i be p(-1). Let t be ((-63)/6)/(i/(-24)). Let v = 29 + t. Let d(z) = 9*z**3 + 2*z**2 - 1. Give d(v).
10
Suppose 5 + 30 = -q. Let r be ((-1)/(-1))/(7/q). Let a(m) = m**2 + 5*m + 0*m + 0*m. Give a(r).
0
Let b be (0 - 0) + -3 + (7 - 4). Let a(t) = -3 + b*t - 21*t**2 + 23*t**2 - 2*t. Give a(3).
9
Let l(o) = o**2 - 4*o - 5. Let c be 2 - (1 + (0 - 0)). Suppose -i = -2*b